{"id":4339,"date":"2021-01-19T10:44:45","date_gmt":"2021-01-19T09:44:45","guid":{"rendered":"https:\/\/canjaumeartesans.es\/datenschutzbestimmungen\/"},"modified":"2023-06-06T10:24:08","modified_gmt":"2023-06-06T08:24:08","slug":"datenschutzbestimmungen","status":"publish","type":"page","link":"https:\/\/canjaumeartesans.es\/de\/datenschutzbestimmungen\/","title":{"rendered":"Datenschutz-Bestimmungen"},"content":{"rendered":"<div class=\"fusion-fullwidth fullwidth-box fusion-builder-row-1 fusion-flex-container has-pattern-background has-mask-background nonhundred-percent-fullwidth non-hundred-percent-height-scrolling\" style=\"--awb-border-radius-top-left:0px;--awb-border-radius-top-right:0px;--awb-border-radius-bottom-right:0px;--awb-border-radius-bottom-left:0px;--awb-padding-top:90px;--awb-padding-bottom:90px;--awb-flex-wrap:wrap;\" ><div class=\"fusion-builder-row fusion-row fusion-flex-align-items-flex-start fusion-flex-justify-content-center fusion-flex-content-wrap\" style=\"max-width:1248px;margin-left: calc(-4% \/ 2 );margin-right: calc(-4% \/ 2 );\"><div class=\"fusion-layout-column fusion_builder_column fusion-builder-column-0 fusion_builder_column_1_1 1_1 fusion-flex-column fusion-animated\" style=\"--awb-padding-right:90px;--awb-padding-right-small:0px;--awb-bg-size:cover;--awb-width-large:100%;--awb-margin-top-large:0px;--awb-spacing-right-large:1.92%;--awb-margin-bottom-large:20px;--awb-spacing-left-large:1.92%;--awb-width-medium:100%;--awb-order-medium:0;--awb-spacing-right-medium:1.92%;--awb-spacing-left-medium:1.92%;--awb-width-small:100%;--awb-order-small:0;--awb-spacing-right-small:1.92%;--awb-spacing-left-small:1.92%;\" data-animationType=\"fadeInUp\" data-animationDuration=\"1.0\" data-animationOffset=\"top-into-view\"><div class=\"fusion-column-wrapper fusion-column-has-shadow fusion-flex-justify-content-flex-start fusion-content-layout-column\"><div class=\"fusion-text fusion-text-1 awb-text-cols fusion-text-columns-2\" style=\"--awb-columns:2;--awb-column-spacing:2em;--awb-column-min-width:100px;\"><h2>Datenschutz-Bestimmungen<\/h2>\n<p>In \u00dcbereinstimmung mit dem Organgesetz 15\/1999 zum Schutz personenbezogener Daten informiert Sie Can Jaume Artesans SL dar\u00fcber, dass die von Ihnen bereitgestellten personenbezogenen Daten dazu dienen, die von Ihnen angeforderten Dienstleistungen bereitzustellen die Zusendung von Werbeinformationen kommerzieller Art, von denen wir wissen, dass sie f\u00fcr Sie von Interesse sein k\u00f6nnten. Diese Daten werden in automatisierten Dateien gesammelt, f\u00fcr die Can Jaume Artesans SL verantwortlich ist. Sie k\u00f6nnen Ihr Recht auf Zugang, Berichtigung, L\u00f6schung und Widerspruch gegen die Verarbeitung Ihrer personenbezogenen Daten per Brief oder E-Mail aus\u00fcben, wie in der angegeben Datenschutzklausel.<\/p>\n<h3>Datenschutzklausel<\/h3>\n<p>Der Benutzer wird dar\u00fcber informiert, dass seine pers\u00f6nlichen Daten, auf die Can Jaume Artesans SL. aufgrund seiner T\u00e4tigkeiten, Anfragen, \u00dcbermittlung von Informationen und Lebensl\u00e4ufen Zugriff hat, in die entsprechende Datei von Can Jaume Artesans SL. aufgenommen werden, wodurch letzterer autorisiert wird. ausdr\u00fccklich auf die Behandlung derjenigen, die f\u00fcr ihre Verwendung im Zusammenhang mit der Entwicklung des Betriebs oder der vereinbarten Dienstleistung erforderlich sind und verbindlich sein werden. Dar\u00fcber hinaus erm\u00e4chtigt Can Jaume Artesans SL ausdr\u00fccklich die Nutzung Ihrer Daten f\u00fcr das Angebot und die Vertragsabwicklung von Produkten und Dienstleistungen sowie f\u00fcr die Entwicklung kommerzieller Ma\u00dfnahmen, sei es allgemeiner Art oder angepasst an Ihre pers\u00f6nlichen Merkmale. Diese kommerziellen Aktionen k\u00f6nnen per E-Mail oder \u00fcber andere Kommunikationsmittel erfolgen.<\/p>\n<p>Der Nutzer wird \u00fcber sein Recht auf Widerspruch, Auskunft, Zugriff, Berichtigung und L\u00f6schung in Bezug auf seine personenbezogenen Daten gem\u00e4\u00df den im Gesetz vorgesehenen Bedingungen informiert und kann diese Rechte schriftlich durch ein an Can Jaume Artesans SL gerichtetes Schreiben aus\u00fcben. , Mercado del Olivar s\/n, 07002, Palma de Mallorca, Balearen, per E-Mail an info@canjaumeartesans.es oder telefonisch unter 971 726 909; verantwortlich f\u00fcr die Datei Can Jaume Artesans SL. zu diesem Zweck unter der oben angegebenen Adresse ans\u00e4ssig.<\/p>\n<h5>Daten des Website-Eigent\u00fcmers<\/h5>\n<p>Can Jaume Artesans SL.<br \/>CIF B57132326<\/p>\n<\/div><\/div><\/div><\/div><\/div>\n","protected":false},"excerpt":{"rendered":"","protected":false},"author":6,"featured_media":0,"parent":0,"menu_order":0,"comment_status":"closed","ping_status":"closed","template":"100-width.php","meta":{"footnotes":""},"class_list":["post-4339","page","type-page","status-publish","hentry"],"yoast_head":"<!-- This site is optimized with the Yoast SEO plugin v27.5 - https:\/\/yoast.com\/product\/yoast-seo-wordpress\/ -->\n<title>Datenschutz-Bestimmungen - Carnicer\u00eda artesana online<\/title>\n<meta name=\"robots\" content=\"index, follow, max-snippet:-1, max-image-preview:large, max-video-preview:-1\" \/>\n<link rel=\"canonical\" href=\"https:\/\/canjaumeartesans.es\/de\/datenschutzbestimmungen\/\" \/>\n<meta property=\"og:locale\" content=\"de_DE\" \/>\n<meta property=\"og:type\" content=\"article\" \/>\n<meta property=\"og:title\" content=\"Datenschutz-Bestimmungen - Carnicer\u00eda artesana online\" \/>\n<meta property=\"og:url\" content=\"https:\/\/canjaumeartesans.es\/de\/datenschutzbestimmungen\/\" \/>\n<meta property=\"og:site_name\" content=\"Carnicer\u00eda artesana online\" \/>\n<meta property=\"article:modified_time\" content=\"2023-06-06T08:24:08+00:00\" \/>\n<meta name=\"twitter:card\" content=\"summary_large_image\" \/>\n<meta name=\"twitter:label1\" content=\"Gesch\u00e4tzte Lesezeit\" \/>\n\t<meta name=\"twitter:data1\" content=\"4\u00a0Minute\" \/>\n<script type=\"application\/ld+json\" class=\"yoast-schema-graph\">{\"@context\":\"https:\\\/\\\/schema.org\",\"@graph\":[{\"@type\":\"WebPage\",\"@id\":\"https:\\\/\\\/canjaumeartesans.es\\\/de\\\/datenschutzbestimmungen\\\/\",\"url\":\"https:\\\/\\\/canjaumeartesans.es\\\/de\\\/datenschutzbestimmungen\\\/\",\"name\":\"Datenschutz-Bestimmungen - Carnicer\u00eda artesana online\",\"isPartOf\":{\"@id\":\"https:\\\/\\\/canjaumeartesans.es\\\/de\\\/#website\"},\"datePublished\":\"2021-01-19T09:44:45+00:00\",\"dateModified\":\"2023-06-06T08:24:08+00:00\",\"breadcrumb\":{\"@id\":\"https:\\\/\\\/canjaumeartesans.es\\\/de\\\/datenschutzbestimmungen\\\/#breadcrumb\"},\"inLanguage\":\"de\",\"potentialAction\":[{\"@type\":\"ReadAction\",\"target\":[\"https:\\\/\\\/canjaumeartesans.es\\\/de\\\/datenschutzbestimmungen\\\/\"]}]},{\"@type\":\"BreadcrumbList\",\"@id\":\"https:\\\/\\\/canjaumeartesans.es\\\/de\\\/datenschutzbestimmungen\\\/#breadcrumb\",\"itemListElement\":[{\"@type\":\"ListItem\",\"position\":1,\"name\":\"Portada\",\"item\":\"https:\\\/\\\/canjaumeartesans.es\\\/de\\\/\"},{\"@type\":\"ListItem\",\"position\":2,\"name\":\"Datenschutz-Bestimmungen\"}]},{\"@type\":\"WebSite\",\"@id\":\"https:\\\/\\\/canjaumeartesans.es\\\/de\\\/#website\",\"url\":\"https:\\\/\\\/canjaumeartesans.es\\\/de\\\/\",\"name\":\"Carnicer\u00eda artesana online\",\"description\":\"Carne al corte personalizado\",\"publisher\":{\"@id\":\"https:\\\/\\\/canjaumeartesans.es\\\/de\\\/#organization\"},\"potentialAction\":[{\"@type\":\"SearchAction\",\"target\":{\"@type\":\"EntryPoint\",\"urlTemplate\":\"https:\\\/\\\/canjaumeartesans.es\\\/de\\\/?s={search_term_string}\"},\"query-input\":{\"@type\":\"PropertyValueSpecification\",\"valueRequired\":true,\"valueName\":\"search_term_string\"}}],\"inLanguage\":\"de\"},{\"@type\":\"Organization\",\"@id\":\"https:\\\/\\\/canjaumeartesans.es\\\/de\\\/#organization\",\"name\":\"Can Jaume Carniceria artesana\",\"url\":\"https:\\\/\\\/canjaumeartesans.es\\\/de\\\/\",\"logo\":{\"@type\":\"ImageObject\",\"inLanguage\":\"de\",\"@id\":\"https:\\\/\\\/canjaumeartesans.es\\\/de\\\/#\\\/schema\\\/logo\\\/image\\\/\",\"url\":\"https:\\\/\\\/canjaumeartesans.es\\\/wp-content\\\/uploads\\\/2023\\\/01\\\/Can-Jaume-logo_185@2x.png\",\"contentUrl\":\"https:\\\/\\\/canjaumeartesans.es\\\/wp-content\\\/uploads\\\/2023\\\/01\\\/Can-Jaume-logo_185@2x.png\",\"width\":370,\"height\":249,\"caption\":\"Can Jaume Carniceria artesana\"},\"image\":{\"@id\":\"https:\\\/\\\/canjaumeartesans.es\\\/de\\\/#\\\/schema\\\/logo\\\/image\\\/\"},\"sameAs\":[\"https:\\\/\\\/www.instagram.com\\\/canjaumeartesans\\\/\"]}]}<\/script>\n<!-- \/ Yoast SEO plugin. -->","yoast_head_json":{"title":"Datenschutz-Bestimmungen - Carnicer\u00eda artesana online","robots":{"index":"index","follow":"follow","max-snippet":"max-snippet:-1","max-image-preview":"max-image-preview:large","max-video-preview":"max-video-preview:-1"},"canonical":"https:\/\/canjaumeartesans.es\/de\/datenschutzbestimmungen\/","og_locale":"de_DE","og_type":"article","og_title":"Datenschutz-Bestimmungen - Carnicer\u00eda artesana online","og_url":"https:\/\/canjaumeartesans.es\/de\/datenschutzbestimmungen\/","og_site_name":"Carnicer\u00eda artesana online","article_modified_time":"2023-06-06T08:24:08+00:00","twitter_card":"summary_large_image","twitter_misc":{"Gesch\u00e4tzte Lesezeit":"4\u00a0Minute"},"schema":{"@context":"https:\/\/schema.org","@graph":[{"@type":"WebPage","@id":"https:\/\/canjaumeartesans.es\/de\/datenschutzbestimmungen\/","url":"https:\/\/canjaumeartesans.es\/de\/datenschutzbestimmungen\/","name":"Datenschutz-Bestimmungen - Carnicer\u00eda artesana online","isPartOf":{"@id":"https:\/\/canjaumeartesans.es\/de\/#website"},"datePublished":"2021-01-19T09:44:45+00:00","dateModified":"2023-06-06T08:24:08+00:00","breadcrumb":{"@id":"https:\/\/canjaumeartesans.es\/de\/datenschutzbestimmungen\/#breadcrumb"},"inLanguage":"de","potentialAction":[{"@type":"ReadAction","target":["https:\/\/canjaumeartesans.es\/de\/datenschutzbestimmungen\/"]}]},{"@type":"BreadcrumbList","@id":"https:\/\/canjaumeartesans.es\/de\/datenschutzbestimmungen\/#breadcrumb","itemListElement":[{"@type":"ListItem","position":1,"name":"Portada","item":"https:\/\/canjaumeartesans.es\/de\/"},{"@type":"ListItem","position":2,"name":"Datenschutz-Bestimmungen"}]},{"@type":"WebSite","@id":"https:\/\/canjaumeartesans.es\/de\/#website","url":"https:\/\/canjaumeartesans.es\/de\/","name":"Carnicer\u00eda artesana online","description":"Carne al corte personalizado","publisher":{"@id":"https:\/\/canjaumeartesans.es\/de\/#organization"},"potentialAction":[{"@type":"SearchAction","target":{"@type":"EntryPoint","urlTemplate":"https:\/\/canjaumeartesans.es\/de\/?s={search_term_string}"},"query-input":{"@type":"PropertyValueSpecification","valueRequired":true,"valueName":"search_term_string"}}],"inLanguage":"de"},{"@type":"Organization","@id":"https:\/\/canjaumeartesans.es\/de\/#organization","name":"Can Jaume Carniceria artesana","url":"https:\/\/canjaumeartesans.es\/de\/","logo":{"@type":"ImageObject","inLanguage":"de","@id":"https:\/\/canjaumeartesans.es\/de\/#\/schema\/logo\/image\/","url":"https:\/\/canjaumeartesans.es\/wp-content\/uploads\/2023\/01\/Can-Jaume-logo_185@2x.png","contentUrl":"https:\/\/canjaumeartesans.es\/wp-content\/uploads\/2023\/01\/Can-Jaume-logo_185@2x.png","width":370,"height":249,"caption":"Can Jaume Carniceria artesana"},"image":{"@id":"https:\/\/canjaumeartesans.es\/de\/#\/schema\/logo\/image\/"},"sameAs":["https:\/\/www.instagram.com\/canjaumeartesans\/"]}]}},"_links":{"self":[{"href":"https:\/\/canjaumeartesans.es\/de\/wp-json\/wp\/v2\/pages\/4339","targetHints":{"allow":["GET"]}}],"collection":[{"href":"https:\/\/canjaumeartesans.es\/de\/wp-json\/wp\/v2\/pages"}],"about":[{"href":"https:\/\/canjaumeartesans.es\/de\/wp-json\/wp\/v2\/types\/page"}],"author":[{"embeddable":true,"href":"https:\/\/canjaumeartesans.es\/de\/wp-json\/wp\/v2\/users\/6"}],"replies":[{"embeddable":true,"href":"https:\/\/canjaumeartesans.es\/de\/wp-json\/wp\/v2\/comments?post=4339"}],"version-history":[{"count":0,"href":"https:\/\/canjaumeartesans.es\/de\/wp-json\/wp\/v2\/pages\/4339\/revisions"}],"wp:attachment":[{"href":"https:\/\/canjaumeartesans.es\/de\/wp-json\/wp\/v2\/media?parent=4339"}],"curies":[{"name":"wp","href":"https:\/\/api.w.org\/{rel}","templated":true}]}}

<div class="fusion-fullwidth fullwidth-box fusion-builder-row-1 fusion-flex-container has-pattern-background has-mask-background nonhundred-percent-fullwidth non-hundred-percent-height-scrolling" style="--awb-border-radius-top-left:0px;--awb-border-radius-top-right:0px;--awb-border-radius-bottom-right:0px;--awb-border-radius-bottom-left:0px;--awb-padding-top:90px;--awb-padding-bottom:90px;--awb-flex-wrap:wrap;" ><div class="fusion-builder-row fusion-row fusion-flex-align-items-flex-start fusion-flex-justify-content-center fusion-flex-content-wrap" style="max-width:1248px;margin-left: calc(-4% / 2 );margin-right: calc(-4% / 2 );"><div class="fusion-layout-column fusion_builder_column fusion-builder-column-0 fusion_builder_column_1_1 1_1 fusion-flex-column fusion-animated" style="--awb-padding-right:90px;--awb-padding-right-small:0px;--awb-bg-size:cover;--awb-width-large:100%;--awb-margin-top-large:0px;--awb-spacing-right-large:1.92%;--awb-margin-bottom-large:20px;--awb-spacing-left-large:1.92%;--awb-width-medium:100%;--awb-order-medium:0;--awb-spacing-right-medium:1.92%;--awb-spacing-left-medium:1.92%;--awb-width-small:100%;--awb-order-small:0;--awb-spacing-right-small:1.92%;--awb-spacing-left-small:1.92%;" data-animationType="fadeInUp" data-animationDuration="1.0" data-animationOffset="top-into-view"><div class="fusion-column-wrapper fusion-column-has-shadow fusion-flex-justify-content-flex-start fusion-content-layout-column"><div class="fusion-text fusion-text-1 awb-text-cols fusion-text-columns-2" style="--awb-columns:2;--awb-column-spacing:2em;--awb-column-min-width:100px;"><h2>Datenschutz-Bestimmungen</h2>
<p>In Übereinstimmung mit dem Organgesetz 15/1999 zum Schutz personenbezogener Daten informiert Sie Can Jaume Artesans SL darüber, dass die von Ihnen bereitgestellten personenbezogenen Daten dazu dienen, die von Ihnen angeforderten Dienstleistungen bereitzustellen die Zusendung von Werbeinformationen kommerzieller Art, von denen wir wissen, dass sie für Sie von Interesse sein könnten. Diese Daten werden in automatisierten Dateien gesammelt, für die Can Jaume Artesans SL verantwortlich ist. Sie können Ihr Recht auf Zugang, Berichtigung, Löschung und Widerspruch gegen die Verarbeitung Ihrer personenbezogenen Daten per Brief oder E-Mail ausüben, wie in der angegeben Datenschutzklausel.</p>
<h3>Datenschutzklausel</h3>
<p>Der Benutzer wird darüber informiert, dass seine persönlichen Daten, auf die Can Jaume Artesans SL. aufgrund seiner Tätigkeiten, Anfragen, Übermittlung von Informationen und Lebensläufen Zugriff hat, in die entsprechende Datei von Can Jaume Artesans SL. aufgenommen werden, wodurch letzterer autorisiert wird. ausdrücklich auf die Behandlung derjenigen, die für ihre Verwendung im Zusammenhang mit der Entwicklung des Betriebs oder der vereinbarten Dienstleistung erforderlich sind und verbindlich sein werden. Darüber hinaus ermächtigt Can Jaume Artesans SL ausdrücklich die Nutzung Ihrer Daten für das Angebot und die Vertragsabwicklung von Produkten und Dienstleistungen sowie für die Entwicklung kommerzieller Maßnahmen, sei es allgemeiner Art oder angepasst an Ihre persönlichen Merkmale. Diese kommerziellen Aktionen können per E-Mail oder über andere Kommunikationsmittel erfolgen.</p>
<p>Der Nutzer wird über sein Recht auf Widerspruch, Auskunft, Zugriff, Berichtigung und Löschung in Bezug auf seine personenbezogenen Daten gemäß den im Gesetz vorgesehenen Bedingungen informiert und kann diese Rechte schriftlich durch ein an Can Jaume Artesans SL gerichtetes Schreiben ausüben. , Mercado del Olivar s/n, 07002, Palma de Mallorca, Balearen, per E-Mail an info@canjaumeartesans.es oder telefonisch unter 971 726 909; verantwortlich für die Datei Can Jaume Artesans SL. zu diesem Zweck unter der oben angegebenen Adresse ansässig.</p>
<h5>Daten des Website-Eigentümers</h5>
<p>Can Jaume Artesans SL.<br />CIF B57132326</p>
</div></div></div></div></div>

<!-- This site is optimized with the Yoast SEO plugin v27.5 - https://yoast.com/product/yoast-seo-wordpress/ -->
<title>Datenschutz-Bestimmungen - Carnicería artesana online</title>
<meta name="robots" content="index, follow, max-snippet:-1, max-image-preview:large, max-video-preview:-1" />
<link rel="canonical" href="https://canjaumeartesans.es/de/datenschutzbestimmungen/" />
<meta property="og:locale" content="de_DE" />
<meta property="og:type" content="article" />
<meta property="og:title" content="Datenschutz-Bestimmungen - Carnicería artesana online" />
<meta property="og:url" content="https://canjaumeartesans.es/de/datenschutzbestimmungen/" />
<meta property="og:site_name" content="Carnicería artesana online" />
<meta property="article:modified_time" content="2023-06-06T08:24:08+00:00" />
<meta name="twitter:card" content="summary_large_image" />
<meta name="twitter:label1" content="Geschätzte Lesezeit" />
	<meta name="twitter:data1" content="4 Minute" />
<script type="application/ld+json" class="yoast-schema-graph">{"@context":"https:\/\/schema.org","@graph":[{"@type":"WebPage","@id":"https:\/\/canjaumeartesans.es\/de\/datenschutzbestimmungen\/","url":"https:\/\/canjaumeartesans.es\/de\/datenschutzbestimmungen\/","name":"Datenschutz-Bestimmungen - Carnicería artesana online","isPartOf":{"@id":"https:\/\/canjaumeartesans.es\/de\/#website"},"datePublished":"2021-01-19T09:44:45+00:00","dateModified":"2023-06-06T08:24:08+00:00","breadcrumb":{"@id":"https:\/\/canjaumeartesans.es\/de\/datenschutzbestimmungen\/#breadcrumb"},"inLanguage":"de","potentialAction":[{"@type":"ReadAction","target":["https:\/\/canjaumeartesans.es\/de\/datenschutzbestimmungen\/"]}]},{"@type":"BreadcrumbList","@id":"https:\/\/canjaumeartesans.es\/de\/datenschutzbestimmungen\/#breadcrumb","itemListElement":[{"@type":"ListItem","position":1,"name":"Portada","item":"https:\/\/canjaumeartesans.es\/de\/"},{"@type":"ListItem","position":2,"name":"Datenschutz-Bestimmungen"}]},{"@type":"WebSite","@id":"https:\/\/canjaumeartesans.es\/de\/#website","url":"https:\/\/canjaumeartesans.es\/de\/","name":"Carnicería artesana online","description":"Carne al corte personalizado","publisher":{"@id":"https:\/\/canjaumeartesans.es\/de\/#organization"},"potentialAction":[{"@type":"SearchAction","target":{"@type":"EntryPoint","urlTemplate":"https:\/\/canjaumeartesans.es\/de\/?s={search_term_string}"},"query-input":{"@type":"PropertyValueSpecification","valueRequired":true,"valueName":"search_term_string"}}],"inLanguage":"de"},{"@type":"Organization","@id":"https:\/\/canjaumeartesans.es\/de\/#organization","name":"Can Jaume Carniceria artesana","url":"https:\/\/canjaumeartesans.es\/de\/","logo":{"@type":"ImageObject","inLanguage":"de","@id":"https:\/\/canjaumeartesans.es\/de\/#\/schema\/logo\/image\/","url":"https:\/\/canjaumeartesans.es\/wp-content\/uploads\/2023\/01\/Can-Jaume-logo_185@2x.png","contentUrl":"https:\/\/canjaumeartesans.es\/wp-content\/uploads\/2023\/01\/Can-Jaume-logo_185@2x.png","width":370,"height":249,"caption":"Can Jaume Carniceria artesana"},"image":{"@id":"https:\/\/canjaumeartesans.es\/de\/#\/schema\/logo\/image\/"},"sameAs":["https:\/\/www.instagram.com\/canjaumeartesans\/"]}]}</script>
<!-- / Yoast SEO plugin. -->

Datenschutz-Bestimmungen - Carnicería artesana online

Carnicería artesana online
